{"id":26561,"date":"2020-12-09T00:23:26","date_gmt":"2020-12-08T23:23:26","guid":{"rendered":"http:\/\/62.218.72.186\/wordpress\/?page_id=26561"},"modified":"2023-05-26T23:08:14","modified_gmt":"2023-05-26T21:08:14","slug":"unverbindliche-ubungen","status":"publish","type":"page","link":"https:\/\/www.mint2000.at\/Wordpress\/index.php\/unsere-weiteren\/unverbindliche-ubungen\/","title":{"rendered":"Unverbindliche \u00dcbungen"},"content":{"rendered":"\n<div class=\"postcontent\">\n<p>Die unverbindlichen \u00dcbungen stehen f\u00fcr alle Sch\u00fcler:innen offen!<br>Die Anmeldung erfolgt zu Schulbeginn und gilt f\u00fcr das ganze Schuljahr.<br>Die aktuellen Wahlm\u00f6glichkeiten sind im Untermen\u00fc zu finden!<\/p>\n<p>&nbsp;<\/p>\n<p>&nbsp;<\/p>\n<\/div>\n","protected":false},"excerpt":{"rendered":"<p>Die unverbindlichen \u00dcbungen stehen f\u00fcr alle Sch\u00fcler:innen offen!Die Anmeldung erfolgt zu Schulbeginn und gilt f\u00fcr das ganze Schuljahr.Die aktuellen Wahlm\u00f6glichkeiten sind im Untermen\u00fc zu finden! &nbsp; &nbsp;<\/p>\n","protected":false},"author":47,"featured_media":0,"parent":26643,"menu_order":4,"comment_status":"closed","ping_status":"closed","template":"","meta":{"ngg_post_thumbnail":0,"footnotes":""},"class_list":["post-26561","page","type-page","status-publish","hentry"],"_links":{"self":[{"href":"https:\/\/www.mint2000.at\/Wordpress\/index.php\/wp-json\/wp\/v2\/pages\/26561","targetHints":{"allow":["GET"]}}],"collection":[{"href":"https:\/\/www.mint2000.at\/Wordpress\/index.php\/wp-json\/wp\/v2\/pages"}],"about":[{"href":"https:\/\/www.mint2000.at\/Wordpress\/index.php\/wp-json\/wp\/v2\/types\/page"}],"author":[{"embeddable":true,"href":"https:\/\/www.mint2000.at\/Wordpress\/index.php\/wp-json\/wp\/v2\/users\/47"}],"replies":[{"embeddable":true,"href":"https:\/\/www.mint2000.at\/Wordpress\/index.php\/wp-json\/wp\/v2\/comments?post=26561"}],"version-history":[{"count":1,"href":"https:\/\/www.mint2000.at\/Wordpress\/index.php\/wp-json\/wp\/v2\/pages\/26561\/revisions"}],"predecessor-version":[{"id":35103,"href":"https:\/\/www.mint2000.at\/Wordpress\/index.php\/wp-json\/wp\/v2\/pages\/26561\/revisions\/35103"}],"up":[{"embeddable":true,"href":"https:\/\/www.mint2000.at\/Wordpress\/index.php\/wp-json\/wp\/v2\/pages\/26643"}],"wp:attachment":[{"href":"https:\/\/www.mint2000.at\/Wordpress\/index.php\/wp-json\/wp\/v2\/media?parent=26561"}],"curies":[{"name":"wp","href":"https:\/\/api.w.org\/{rel}","templated":true}]}}