{"id":26582,"date":"2020-12-09T01:28:27","date_gmt":"2020-12-09T00:28:27","guid":{"rendered":"http:\/\/62.218.72.186\/wordpress\/?page_id=26582"},"modified":"2023-05-26T23:12:23","modified_gmt":"2023-05-26T21:12:23","slug":"darstellendes-spiel","status":"publish","type":"page","link":"https:\/\/www.mint2000.at\/Wordpress\/index.php\/unsere-weiteren\/unverbindliche-ubungen\/darstellendes-spiel\/","title":{"rendered":"Darstellendes Spiel"},"content":{"rendered":"\n<p>DASP (Darstellendes Spiel- Theaterspiel) tr\u00e4gt zur <strong>ganzheitlichen Pers\u00f6nlichkeitsentwicklung der Kinder<\/strong> bei. Es werden dabei nicht nur kreative und intellektuelle, sondern ebenso emotionale und soziale F\u00e4higkeiten gef\u00f6rdert. An unseren Schulen wird der Unterricht auf zwei Ebenen gestellt. Zum einen die Gro\u00dfgruppe, in der gemeinsam an Themen und St\u00fccken gearbeitet wird, zum anderen die Intensivgruppe wo mit wenigen Sch\u00fcler:innen an deren schauspielerischen F\u00e4higkeiten gearbeitet wird. Somit k\u00f6nnen wir das gesamte Spektrum der Pers\u00f6nlichkeitsentwicklung abdecken.<\/p>\n<p>Der Unterricht wird von Expert:innen, n\u00e4mlich zwei erfahrenen DASP-Lehrerinnen und einem\/r Theaterp\u00e4dagog:in geleitet.<\/p>\n<p>Bei unseren Projekten wird f\u00e4cher\u00fcbergreifend gearbeitet (Chor, Fotoworkshop).<\/p>\n<p><span style=\"text-decoration: underline;\">R\u00dcCKBLICK<\/span>:<br>Darstellendes Spiel (in Kombination mit Chor und Jazzdance) hat an unserer Schule schon eine lange Tradition:<\/p>\n<p>Gro\u00dfe Erfolge waren seinerzeit die Musicals&nbsp;<a href=\"http:\/\/infhs-stockerau.schulweb.at\/1021,,,2.html\">&#8220;Carmen und doch keine Oper&#8221;<\/a>&nbsp;und&nbsp;<a href=\"http:\/\/infhs-stockerau.schulweb.at\/1067,,,2.html\">&#8220;Oh happy day&#8221;&nbsp;<\/a>bzw. die Teilnahme an&nbsp;<a href=\"http:\/\/infhs-stockerau.schulweb.at\/1480,,,2.html\">&#8220;act in school 2009&#8221;&nbsp;<\/a>und&nbsp;<a href=\"http:\/\/infhs-stockerau.schulweb.at\/1553,,,2.html\">&#8220;act in school 2010&#8221;<\/a>.<\/p>\n<p>Im Schuljahr 2010\/11 bewiesen die&nbsp; Sch\u00fcler:innen im Musical <a href=\"http:\/\/infhs-stockerau.schulweb.at\/1612,,,2.html\">&#8220;Seyn Alasnam und der Geisterk\u00f6nig&#8221;<\/a> einmal mehr, dass in unserer Schule die Kreativit\u00e4t nicht zu kurz kommt.<br><img decoding=\"async\" src=\"http:\/\/62.218.72.186\/1011\/musical_seyn\/1011_musicalseyn_berab.jpg\" alt=\"Musical Seyn Alasnam\"><\/p>\n<p>2013 pr\u00e4sentierte die Informatik-Mittelschule Stockerau in Zusammenarbeit mit der Partnerschule HLW Hollabrunn ihr 5. Musical: Die <a href=\"http:\/\/infhs-stockerau.schulweb.at\/1721,,,2.html\">Piratenbraut.<\/a><br><img decoding=\"async\" src=\"http:\/\/62.218.72.186\/1213\/piratenbraut\/1213_piratenbraut_36ber.jpg\" alt=\"Musical Seyn Alasnam\"><\/p>\n<p>2014 boten mehr als 300 Kinder in einer Kooperationsveranstaltung (Informatik Mittelschule Stockerau, Musikmittelschule Korneuburg und SPORTUNION Stockerau) ein &#8220;Criminal Dancical&#8221; dar: CLUEDO.<br><img decoding=\"async\" src=\"http:\/\/62.218.72.186\/1314\/cluedo\/1314_cluedoplakat.jpg\" alt=\"Schikurs 2013\"><\/p>\n<p>2018 brachte die Musicalgruppe mit dem von Claudia St\u00f6ckelmaier selbstgeschriebenen St\u00fcck <a href=\"http:\/\/62.218.72.186\/wordpress\/index.php\/musical-odysseus-kartenvorverkauf\/\">ODYSSEUS <\/a>nach Stockerau.<\/p>\n<p><img decoding=\"async\" src=\"http:\/\/62.218.72.186\/wordpress\/wp-content\/uploads\/2018\/03\/musical-einladung-200x150.jpg\"><\/p>\n","protected":false},"excerpt":{"rendered":"<p>DASP (Darstellendes Spiel- Theaterspiel) tr\u00e4gt zur ganzheitlichen Pers\u00f6nlichkeitsentwicklung der Kinder bei. Es werden dabei nicht nur kreative und intellektuelle, sondern ebenso emotionale und soziale F\u00e4higkeiten gef\u00f6rdert. An unseren Schulen wird der Unterricht auf zwei Ebenen gestellt. Zum einen die Gro\u00dfgruppe, in der gemeinsam an Themen und St\u00fccken gearbeitet wird, zum anderen die Intensivgruppe wo mit [&hellip;]<\/p>\n","protected":false},"author":47,"featured_media":0,"parent":26561,"menu_order":5,"comment_status":"closed","ping_status":"closed","template":"","meta":{"ngg_post_thumbnail":0,"footnotes":""},"class_list":["post-26582","page","type-page","status-publish","hentry"],"_links":{"self":[{"href":"https:\/\/www.mint2000.at\/Wordpress\/index.php\/wp-json\/wp\/v2\/pages\/26582","targetHints":{"allow":["GET"]}}],"collection":[{"href":"https:\/\/www.mint2000.at\/Wordpress\/index.php\/wp-json\/wp\/v2\/pages"}],"about":[{"href":"https:\/\/www.mint2000.at\/Wordpress\/index.php\/wp-json\/wp\/v2\/types\/page"}],"author":[{"embeddable":true,"href":"https:\/\/www.mint2000.at\/Wordpress\/index.php\/wp-json\/wp\/v2\/users\/47"}],"replies":[{"embeddable":true,"href":"https:\/\/www.mint2000.at\/Wordpress\/index.php\/wp-json\/wp\/v2\/comments?post=26582"}],"version-history":[{"count":2,"href":"https:\/\/www.mint2000.at\/Wordpress\/index.php\/wp-json\/wp\/v2\/pages\/26582\/revisions"}],"predecessor-version":[{"id":35108,"href":"https:\/\/www.mint2000.at\/Wordpress\/index.php\/wp-json\/wp\/v2\/pages\/26582\/revisions\/35108"}],"up":[{"embeddable":true,"href":"https:\/\/www.mint2000.at\/Wordpress\/index.php\/wp-json\/wp\/v2\/pages\/26561"}],"wp:attachment":[{"href":"https:\/\/www.mint2000.at\/Wordpress\/index.php\/wp-json\/wp\/v2\/media?parent=26582"}],"curies":[{"name":"wp","href":"https:\/\/api.w.org\/{rel}","templated":true}]}}