{"id":26807,"date":"2020-12-13T01:37:05","date_gmt":"2020-12-13T00:37:05","guid":{"rendered":"http:\/\/62.218.72.186\/wordpress\/?page_id=26807"},"modified":"2025-10-04T17:54:48","modified_gmt":"2025-10-04T15:54:48","slug":"medienkompetenz","status":"publish","type":"page","link":"https:\/\/www.mint2000.at\/Wordpress\/index.php\/medienkompetenz\/","title":{"rendered":"Medienkompetenz"},"content":{"rendered":"\n<table style=\"border-collapse: collapse; width: 100%;\">\n<tbody>\n<tr>\n<td style=\"width: 6.54758%;\"><img loading=\"lazy\" decoding=\"async\" class=\"wp-image-28515 alignleft\" src=\"http:\/\/62.218.72.186\/wordpress\/wp-content\/uploads\/2021\/10\/Bild4-29x300.png\" alt=\"\" width=\"48\" height=\"500\"><img loading=\"lazy\" decoding=\"async\" class=\"alignnone wp-image-28514\" src=\"http:\/\/62.218.72.186\/wordpress\/wp-content\/uploads\/2021\/10\/Bild3-29x300.png\" alt=\"\" width=\"49\" height=\"500\"><\/td>\n<td style=\"width: 87.738%;\">\n<p>Die Informatik-Mittelschule bietet ihren Sch\u00fcler:nnen ein umfangreiches Angebot, um den Erwerb von grundlegenden und vertiefenden Kompetenzen im Bereich der neuen Medien zu erm\u00f6glichen.<\/p>\n<p>Grundlagen werden im verbindlichen Unterrichtsgegenstand Informatik geschaffen, der dann optional durch den&nbsp;<a href=\"http:\/\/62.218.72.186\/wordpress\/index.php\/erfolge\/ecdl\/\">ECDL<\/a> ersetzt werden kann.<\/p>\n<p>Alle Sch\u00fcler:innen unserer Schule besitzen ein Netbook oder Tablet. Dank der Tatsache, eine <span style=\"background-color: #ffffff;\"><a style=\"background-color: #ffffff;\" href=\"http:\/\/62.218.72.186\/wordpress\/index.php\/erfolge\/microsoft-showcase-school\/\">Microsoft Showcase School<\/a> <\/span>zu sein und gleichzeitig Teilnehmerin an der Initiative \u201eDigitales Lernen\u201c innerhalb des 8-Punkte-Plans der \u00f6sterreichischen Bundesregierung zu sein , werden <strong>ab dem Schuljahr 2020\/21 alle ersten Klassen mit Tablets mit Stift und Tastatur<\/strong> ausgestattet (wobei die Erziehungsberechtigten nur 25% der Kosten zu begleichen haben). <br>Die Sch\u00fcler:innen der Informatik-Mittelschule werden mittels zweckm\u00e4\u00dfigen Einsatzes digitaler Medien hervorragend auf Selbstorganisation vorbereitet und sind es gewohnt, mit den Applikationen von Office 365 umzugehen (Teams, OneNote, Stream, &#8230;). Durch ausgew\u00e4hlte Lernsoftware und Unterrichtsmethoden kann auf alle Sch\u00fcler:nnen differenziert und individuell eingegangen werden.<\/p>\n<p>Auch bei weiteren Unterrichtsmitteln wird gro\u00dfes Augenmerk auf den Aspekt des <a href=\"http:\/\/62.218.72.186\/wordpress\/index.php\/erfolge\/e-expertinnen\/\">digiloges Lernens<\/a> gelegt. Die Sch\u00fcler:innen in der Informatik-Mittelschule lernen von Anfang an den sinnvollen Einsatz von Lernvideos und verwenden Schulb\u00fccher, die die M\u00f6glichkeit bieten, Aufgaben in den B\u00fcchern auch online zu l\u00f6sen und abzugeben &#8211; mit direkter R\u00fcckmeldung an die Lehrperson. Mit innovativen Lerntools (z.B. IDerBlog) und Selbstlernprogrammen (z.B. Bettermarks) werden die Sch\u00fcler:innen angehalten, den Lehrstoff nachhaltig und eigenst\u00e4ndig zu erarbeiten. Das digiloge Prinzip spiegelt sich auch beim spielerischen Einstieg in <a href=\"http:\/\/62.218.72.186\/wordpress\/index.php\/erfolge\/robotics\/\">Robotics<\/a> und Roboterprogrammierung mit Lego Mindstorms wider (Bauen von Robotern und Programmieren mittels Apps).<\/p>\n<p>&nbsp;<\/p>\n<p><img decoding=\"async\" class=\"emoji\" role=\"img\" draggable=\"false\" src=\"https:\/\/s.w.org\/images\/core\/emoji\/14.0.0\/svg\/25b6.svg\" alt=\"&#x25b6;\">&nbsp;<a href=\"https:\/\/www.mint2000.at\/Wordpress\/index.php\/medienkompetenz\/expertinnen-auf-unserem-gebiet\/\">E-Expert*innen<\/a><\/p>\n<p><img decoding=\"async\" class=\"emoji\" role=\"img\" draggable=\"false\" src=\"https:\/\/s.w.org\/images\/core\/emoji\/14.0.0\/svg\/25b6.svg\" alt=\"&#x25b6;\">&nbsp;<a href=\"https:\/\/www.mint2000.at\/Wordpress\/index.php\/medienkompetenz\/digiloges-lernen\/\">Digiloges Lernen<\/a><\/p>\n<p><img decoding=\"async\" class=\"emoji\" role=\"img\" draggable=\"false\" src=\"https:\/\/s.w.org\/images\/core\/emoji\/14.0.0\/svg\/25b6.svg\" alt=\"&#x25b6;\">&nbsp;<a href=\"https:\/\/www.mint2000.at\/Wordpress\/index.php\/medienkompetenz\/ecdl\/\">ECDL<\/a><\/p>\n<p><img decoding=\"async\" class=\"emoji\" role=\"img\" draggable=\"false\" src=\"https:\/\/s.w.org\/images\/core\/emoji\/14.0.0\/svg\/25b6.svg\" alt=\"&#x25b6;\">&nbsp;<a href=\"https:\/\/www.mint2000.at\/Wordpress\/index.php\/medienkompetenz\/robotics\/\">Robotics<\/a><\/p>\n<p><img decoding=\"async\" class=\"emoji\" role=\"img\" draggable=\"false\" src=\"https:\/\/s.w.org\/images\/core\/emoji\/14.0.0\/svg\/25b6.svg\" alt=\"&#x25b6;\">&nbsp;<a href=\"https:\/\/www.mint2000.at\/Wordpress\/index.php\/medienkompetenz\/microsoft-showcase-school\/\">Microsoft Showcase School<\/a><\/p>\n<p><img decoding=\"async\" class=\"emoji\" role=\"img\" draggable=\"false\" src=\"https:\/\/s.w.org\/images\/core\/emoji\/14.0.0\/svg\/25b6.svg\" alt=\"&#x25b6;\">&nbsp;<a href=\"https:\/\/www.mint2000.at\/Wordpress\/index.php\/medienkompetenz\/weitere-auszeichnungen\/\">Weitere Auszeichnungen\/Netzwerke<\/a>&nbsp;<\/p>\n<p>&nbsp;<\/p>\n<p>&nbsp;<\/p>\n<p>&nbsp;<\/p>\n<p>&nbsp;<\/p>\n<p>&nbsp;<\/p>\n<p>&nbsp;<\/p>\n<\/td>\n<\/tr>\n<\/tbody>\n<\/table>\n<p>&nbsp;<\/p>\n","protected":false},"excerpt":{"rendered":"<p>Die Informatik-Mittelschule bietet ihren Sch\u00fcler:nnen ein umfangreiches Angebot, um den Erwerb von grundlegenden und vertiefenden Kompetenzen im Bereich der neuen Medien zu erm\u00f6glichen. Grundlagen werden im verbindlichen Unterrichtsgegenstand Informatik geschaffen, der dann optional durch den&nbsp;ECDL ersetzt werden kann. Alle Sch\u00fcler:innen unserer Schule besitzen ein Netbook oder Tablet. Dank der Tatsache, eine Microsoft Showcase School zu [&hellip;]<\/p>\n","protected":false},"author":47,"featured_media":0,"parent":0,"menu_order":5,"comment_status":"closed","ping_status":"closed","template":"","meta":{"ngg_post_thumbnail":0,"footnotes":""},"class_list":["post-26807","page","type-page","status-publish","hentry"],"_links":{"self":[{"href":"https:\/\/www.mint2000.at\/Wordpress\/index.php\/wp-json\/wp\/v2\/pages\/26807","targetHints":{"allow":["GET"]}}],"collection":[{"href":"https:\/\/www.mint2000.at\/Wordpress\/index.php\/wp-json\/wp\/v2\/pages"}],"about":[{"href":"https:\/\/www.mint2000.at\/Wordpress\/index.php\/wp-json\/wp\/v2\/types\/page"}],"author":[{"embeddable":true,"href":"https:\/\/www.mint2000.at\/Wordpress\/index.php\/wp-json\/wp\/v2\/users\/47"}],"replies":[{"embeddable":true,"href":"https:\/\/www.mint2000.at\/Wordpress\/index.php\/wp-json\/wp\/v2\/comments?post=26807"}],"version-history":[{"count":4,"href":"https:\/\/www.mint2000.at\/Wordpress\/index.php\/wp-json\/wp\/v2\/pages\/26807\/revisions"}],"predecessor-version":[{"id":43939,"href":"https:\/\/www.mint2000.at\/Wordpress\/index.php\/wp-json\/wp\/v2\/pages\/26807\/revisions\/43939"}],"wp:attachment":[{"href":"https:\/\/www.mint2000.at\/Wordpress\/index.php\/wp-json\/wp\/v2\/media?parent=26807"}],"curies":[{"name":"wp","href":"https:\/\/api.w.org\/{rel}","templated":true}]}}